1. What is the units digit of m?
1
Let g(x) = -x**2 + 2*x + 11. Let w(f) = -f + 2. Let q be w(2). Suppose 0 = 3*a + l - 5, q = -4*a + 2*l + 2*l - 20. What is the tens digit of g(a)?
1
Suppose -47*z + 8880 = -35*z. What is the tens digit of z?
4
Let t(d) = 4*d**2 + 11*d + 88. What is the tens digit of t(13)?
0
Let m be 3 + 1 + (3 - 4). Suppose -78 = -f - 0*f - 5*p, m*p = f - 38. What is the tens digit of f?
5
Let p(f) = f**2 - 11*f + 12. Let m be p(10). Suppose -2*y = m*y. What is the units digit of (-2 + y)*1 + 31?
9
What is the units digit of (-1824)/(-2)*(-100)/(-150)?
8
Let g be (-2)/(-8) - (-105)/12. Suppose -2*d - g = -3*d. Suppose -21 = -2*f + 5*k + d, -55 = -3*f + 5*k. What is the units digit of f?
5
Suppose 0 = -45*k + 20*k + 11075. What is the tens digit of k?
4
Suppose -249 = -7*g + 423. Suppose 3*y + g = -5*s + 270, 4*y - 206 = 2*s. What is the units digit of y?
3
Let u(l) = -l**3 - 3*l**2 + l + 5. Let x = -2 + 5. Suppose 3*k + 16 = 4*m, -5*k + m + x = 24. What is the tens digit of u(k)?
1
Suppose -3*h - 3 = -27. Suppose -3*x = -h*x + 15. Let f(i) = i**3 - i**2 - 2*i + 2. What is the units digit of f(x)?
4
Suppose -6*h = -5*h - 588. What is the tens digit of h?
8
Let o = 712 - 437. Suppose 3 = 3*d - n - 278, -2*n + o = 3*d. What is the tens digit of d?
9
Let q = 2877 - 461. What is the tens digit of q?
1
Suppose 0 = 3*r - 0*r - 15, -4*r = -3*p + 169. Suppose -350*a + 348*a + 10 = 0. Suppose -a*b = -p - 257. What is the units digit of b?
4
Let u be (-2)/1 - -4 - -3. Suppose -u*b + 2*b = -57. What is the tens digit of b?
1
Suppose -3*w + 0*w + 9 = 0. Suppose 0 = -5*y - z + 20 + 159, -3*z - w = 0. What is the units digit of y?
6
Suppose -18*x + 7888 = -2*x. What is the hundreds digit of x?
4
Let l be 2 + 2/(-1) + 3. Suppose g + 7 = -l*a + 22, a - 5 = -g. Suppose -10 = -g*j - 2*j. What is the units digit of j?
5
Suppose -2*f + b + 0*b + 1809 = 0, -5*f + 4520 = -5*b. What is the tens digit of f?
0
Suppose -21*a + 28 = -23*a. Let q = 8 + a. What is the tens digit of 21 + (q - (-8)/4)?
1
Let c be (-3 - -4) + 183 - -2. Suppose -111 = -z + c. What is the tens digit of 1/4 - z/(-12)?
2
Let t = 568 + -151. What is the tens digit of t?
1
Suppose -3*g = w - 2*g, 0 = 5*w - g. Suppose r + w*u - 4*u = 38, 3*r = 4*u + 90. Let m = r + -1. What is the tens digit of m?
2
Let r = -62 + 458. What is the hundreds digit of r?
3
Suppose y = 4*y - 36. What is the units digit of (-51)/(-2) - 30/y?
3
Suppose 0 = -3*x + 14*g - 11*g + 4668, -2*g - 1556 = -x. What is the tens digit of x?
5
Suppose -20*a - 2151 = -11*a. Let z = a + 456. What is the tens digit of z?
1
What is the tens digit of (-19940)/(-40) + (-3)/(-2)?
0
Let b = 2 - 0. Suppose 3*a - 10 = -b*a. Suppose -3*u = 9, a*u + 177 = 2*o + o. What is the units digit of o?
7
Suppose -76*w - 29417 + 342841 = 0. What is the tens digit of w?
2
Suppose 0*f - 2*f = -4. Suppose -3*o = -2*m + 266, -2*m + 3*o = -f*o - 266. Suppose -m = -7*n + 91. What is the units digit of n?
2
Let j be -1*1 - (-15 - -11). Suppose 5*s - 61 - 175 = j*v, 5*v = 15. What is the units digit of s?
9
Let n(f) be the first derivative of -f**2/2 - 5*f + 1. Let u be n(7). Let v = -4 - u. What is the units digit of v?
8
Suppose 3*u - 742 = -0*u + 5*r, 0 = -5*u + 2*r + 1205. Let c = u + -159. What is the tens digit of c?
8
Suppose 28899 + 60741 = 24*b. What is the thousands digit of b?
3
Let t be 3/(0 + (-4)/(-4)). Suppose 1218 = 5*g - 2*u, g - 254 = -0*g + t*u. What is the tens digit of g?
4
Suppose 6*f + 7*f - 9802 = 0. What is the units digit of f?
4
Let o be 1/(-6) - (-56)/48. Let q be 20/6*(2 + o). Suppose 0 = -s - 5 + q. What is the units digit of s?
5
Let z = 7 + -33. Let c = z + 45. What is the tens digit of 8/(-7 - -3) + c?
1
Suppose 5*r - 3*y - 1227 = 0, -5*r - 4*y + 1388 - 189 = 0. Suppose 4*o + u + 0*u = r, 4*u = -2*o + 132. What is the units digit of o?
0
Let m = 6979 - 2061. What is the tens digit of m?
1
Suppose 7*j = 2*j + 280. Let p = j - 34. What is the units digit of p?
2
Suppose -l + 7 = -129. What is the hundreds digit of l?
1
Let f(m) = 50 - 19*m + 5*m**2 + 23*m + 11. What is the hundreds digit of f(-6)?
2
Let w(t) = 9*t**2 - 16*t - 50. What is the units digit of w(-10)?
0
Let s = -25 - -25. Suppose s = -2*z - 4*x + 140, -2*x + x + 259 = 4*z. What is the tens digit of z?
6
What is the units digit of -1*(-2784)/((-20)/(-5))?
6
Suppose -3*w = -201 - 36. Suppose 0 = -3*j - 4*y + w, 5*y + 22 = j + 2. What is the units digit of j?
5
What is the tens digit of -5*1 - (-943 + 11)/4?
2
Suppose -3*k - 6*b + 1062 = -3*b, 718 = 2*k + 4*b. Suppose 89 = -2*h + k. What is the tens digit of h?
3
Suppose -103 + 951 = i. Suppose 4*t = 2*l + i, 0 = -t - 4*l + 147 + 83. What is the tens digit of t?
1
Let t be 12 + 1/(-3 + 2). Suppose -4*m - 17 = t. Let i(a) = -a**2 - 13*a - 6. What is the units digit of i(m)?
6
Suppose 0 = -12*i + 3*i + 1332. What is the units digit of i?
8
Suppose 4*p - 13335 = -4*i + 3705, -4*p + 2*i + 17070 = 0. What is the hundreds digit of p?
2
What is the tens digit of (0 + (-5 - 691))/(-1)?
9
Let y = -215 + 386. Suppose 2*f - 237 - y = 0. What is the hundreds digit of f?
2
Let l(w) = 26*w**2 + 14*w + 75. What is the thousands digit of l(-9)?
2
Let w(b) = 3*b**2 - b - 14. Let g(o) = -o**3 + 8*o**2 - 8*o + 14. Let u be g(7). What is the tens digit of w(u)?
2
Suppose -6*c = -2*c + v - 2875, 2*v = -4*c + 2878. What is the units digit of c?
8
Let c = 199 - 79. What is the tens digit of c?
2
What is the tens digit of ((-1282)/(-20)*2)/(14/70)?
4
Suppose -2*s = -v - 249, s - 3*v - 495 = -3*s. What is the hundreds digit of s?
1
Let k(a) = -5*a**3 + 10*a**2 + 15*a + 1. What is the units digit of k(-8)?
1
Let t(x) = -39*x - 4. Let i be (-3)/(-4) - 35/20. What is the units digit of t(i)?
5
Suppose -64*b - 24*b + 296560 = 0. What is the hundreds digit of b?
3
What is the units digit of (-6)/24*628*-5?
5
Let i(c) = -c**2 - c + 47. Suppose 0 = -y + 5*o, y = 2*o + o. Suppose -4*g - 2*q + 4 = -y*q, -3*q + 6 = 2*g. What is the tens digit of i(g)?
4
Suppose 5*n = -3*q + 46 + 21, -2*q + 5*n + 3 = 0. Let g = 53 + q. What is the tens digit of g?
6
Suppose 33630 - 13160 = 5*p - 5*b, -2*p - 3*b = -8208. What is the tens digit of p?
9
Let h = -186 - -309. Suppose -n + h = 2*n. What is the tens digit of n?
4
Let a be 2*12/(-16)*14. Let y = a - -195. What is the tens digit of y?
7
Suppose -1777 = -17*l + 4190. What is the tens digit of l?
5
Suppose -5*g + 9 = -6. Suppose -g*k - 650 = -4*l, -5*k + k - 484 = -3*l. What is the hundreds digit of l?
1
Suppose 2 + 13 = 4*t + 3*b, -5*t = 4*b - 18. Suppose t = x - 2. Suppose 2*v = -3*v - 5*p + 10, -3*v + x = 5*p. What is the units digit of v?
1
Let p(l) = -639*l - 17. What is the tens digit of p(-3)?
0
Let h = -45 + 1304. What is the tens digit of h?
5
Let y(z) = 2*z**3 - 39*z**2 - 13*z - 22. Let h be y(20). Let m = h + 166. What is the units digit of m?
4
Let y = -7857 - -13097. What is the tens digit of y?
4
Suppose 3*l + 582 = 6*l. What is the hundreds digit of l?
1
Suppose 5*o - 612 = -o. Suppose -i - 5*a = -o, -2*a + 188 = -i + 3*i. Let m = i + -45. What is the units digit of m?
7
Let k(v) = -2*v**2 - 2*v + 2. Let z be k(2). Let a = 24 - z. What is the units digit of a?
4
Let j = 2093 + -1077. What is the tens digit of j?
1
Suppose -6*d + 118 = -1640. What is the tens digit of d?
9
Let u = -1541 + 2369. What is the hundreds digit of u?
8
Suppose 3*y - 51 = -2*r - 10, 3*r = 5*y - 100. Suppose -3 = -2*p - y. Let h = p - -10. What is the units digit of h?
3
Suppose -117 = -5*f + 2*f. Let a = 37 - -2. Suppose -f = -2*k + a. What is the tens digit of k?
3
Suppose -z - 2 = -2*z + 4*k, 0 = 4*k. What is the tens digit of (25 + -2)*z/1?
4
Suppose -5*g + 69 = v, -v + 116 = 3*g + 37. Let h = v + -21. What is the tens digit of h?
7
Suppose 0 = 36*i - 128451 - 58461. What is the units digit of i?
2
Let b(j) = -36*j**3 - 2*j**2 + 2*j - 2. Let u(k) = 73*k**3 + 5*k**2 - 5*k + 5. Let a(n) = -7*b(n) - 3*u(n). What is the tens digit of a(1)?
3
Suppose 55*s = 61*s - 14220. What is the tens digit of s?
7
Suppose -2*j + 1564 = 66. What is the tens digit of j?
4
Let v = 89 - 87. Suppose -v*r = -4*j - 4*r + 690, 4*j - r = 693. What is the units digit of j?
3
Let t(c) = 3*c**3 + 3*c**2 - 3*c. Let a be t(3). Let v = 1